Is f a prime number?
False
Is ((36/(-8))/(-3))/((-3)/(-1538)) prime?
True
Suppose 5 = -4*s + 1. Let i be (0 - 2*8)*s. Let p = 37 - i. Is p a prime number?
False
Let i(k) = 20*k - 5. Let x(o) = -1. Let m(q) = -i(q) - 4*x(q). Is m(-7) composite?
False
Suppose 2*q - 4 = -2*q. Let o be q/(2/18*3). Suppose -o*m + 4*m = 19. Is m a prime number?
True
Let r be (-1)/2*(-13 - -1). Suppose n = -2*n + r. Is -2*(74/(-4) + n) composite?
True
Let t(w) = w**3 - 8*w**2 + 6*w + 11. Let s be t(8). Let a = s + 206. Is a composite?
True
Let r(a) = 5*a**2 - 4*a**2 - 7 + 4 - a. Let k be r(5). Let m = k - -20. Is m prime?
True
Suppose -4*i + 0*i + 28 = 0. Suppose -i + 1 = -b. Let z(w) = 3*w - 8. Is z(b) prime?
False
Suppose -2*m - 3*j = -13, 5*j - 3*j - 49 = -5*m. Suppose -2*z - 2*z - 2*a = -16, -z - 4*a = -m. Suppose x = 6*x + i - 33, -z*x = -i - 23. Is x a prime number?
True
Let j be 2/3 - (-2)/(-3). Suppose 3*z - 207 - 6 = j. Is z composite?
False
Let p(d) be the first derivative of d**2 - 5*d - 1. Suppose -2 - 1 = -3*s, s = -l + 13. Is p(l) a prime number?
True
Let c be 1/(-2)*(-2)/1. Suppose -c + 21 = 4*r. Suppose -r*q - 20 - 20 = -3*m, m + 3*q = 18. Is m a prime number?
False
Let v(d) = d**3 - 4*d - 6. Let g be v(-4). Let q = g + 87. Is q a composite number?
True
Suppose -4*a = -2*a. Suppose 12 = -a*d + 3*d. Suppose -248 = -2*f + d*h - 82, -5*f + 442 = -h. Is f a prime number?
True
Let v(k) = 7*k**3 - 2*k**2 - 10*k - 6. Is v(5) composite?
False
Let n be (-8)/(-3) - (-8)/(-12). Suppose 0 = -k - 0*k + m + n, 4*k + 4*m = 8. Suppose -2*y = 2*l + k*l + 4, -4*y = -5*l - 18. Is y a composite number?
False
Let z be 7 + (-4 - (2 + -4)). Suppose 2*u - 178 = y, 383 + 40 = z*u + 3*y. Is u a composite number?
True
Let m(n) = 95*n + 1. Suppose -2*s - 2*x = x + 2, 16 = 5*s - 3*x. Is m(s) a prime number?
True
Let o(a) = 15*a - 1. Is o(12) composite?
False
Suppose 2*p - 1 = 5. Suppose 12 = p*c, 4*x + c - 2644 = -372. Suppose -5*g - 2*r + x = -384, 6 = -3*r. Is g composite?
False
Suppose 3*z - 207 = 411. Is z prime?
False
Suppose -4 = 4*s - 20. Suppose 0*a = s*a + 84. Let o = 54 + a. Is o a composite number?
True
Suppose 9*j + 111 = 10*j. Is j prime?
False
Suppose -4*l = -5*x + 722 + 48, 3*l = 15. Is x a composite number?
True
Let z(p) = -16*p**2 - 1. Let u be z(1). Let t = u - 15. Let v = t + 46. Is v a prime number?
False
Let i = 527 + -325. Is i prime?
False
Let q(u) = 8*u - 13. Suppose 6 + 14 = 2*h. Is q(h) a prime number?
True
Is 159/2 + (-10)/20 composite?
False
Let s(k) = -2*k - 1. Let h(m) = m. Let p(r) = -18*h(r) - 2*s(r). Let v = 10 - 14. Is p(v) composite?
True
Let l = 593 - 150. Is l prime?
True
Is 4/(-3)*(-6522)/8 a prime number?
True
Suppose -2012 = -2*m + 2*p + 976, -3023 = -2*m - 5*p. Is m a prime number?
True
Let h be (-1491)/14 - (-2)/4. Let p = 155 + h. Is p composite?
True
Let b = 128 + -25. Suppose -y = -0*y - b. Is 6/9 - y/(-3) composite?
True
Suppose 0 = -4*a - 3*j + 6533, 2*a + 3*j + 3253 = 4*a. Is a composite?
True
Let b(c) = 2*c + 3. Let o be b(-3). Let p = o + 5. Suppose -3*h + 75 = p*h. Is h a prime number?
False
Let l(n) = -2*n + 1. Suppose -3 = -s - 4. Let x be l(s). Suppose -3*c - 2 = 3*w - 8, -x*w = -5*c + 26. Is c prime?
False
Let w(s) = 7*s**2 - 2*s - 1. Let q be w(-1). Let n(x) = x**2 - 2*x - 9. Is n(q) a prime number?
False
Is 1022/8 - 33/44 a composite number?
False
Let z = 623 + -355. Let y(m) = -15*m - 7. Let h be y(10). Let d = z + h. Is d a composite number?
True
Let t(x) = -x**2 + x + 134. Is t(0) composite?
True
Let h be 54/45*10/3. Suppose 0 = -f + 2*o + 8, 5*o + 12 = 3*f - f. Suppose 0 = -h*t - 5*d + 28, -3*t + f = -3*d - 5. Is t a composite number?
False
Suppose -20 = 5*b, 0 = 4*s - 3*b + 67 - 11. Suppose 5*k + 0*k + 360 = 0. Let r = s - k. Is r prime?
False
Is 488/(-16)*(-9 + 3) composite?
True
Let c be (-92)/(-3)*18/4. Suppose 3*g - g + 2*u = 162, 2*g - 4*u = c. Is g composite?
True
Suppose 74 - 307 = -q - 2*v, 0 = -q + 2*v + 213. Is q a prime number?
True
Let s = -55 + -13. Let n be (1/2)/((-2)/s). Suppose 2*j - 2*i = 3 + 11, -3*j + n = -2*i. Is j a prime number?
True
Let n = 8 + -4. Suppose -j + 4*j = -3, 5*w + n*j = 26. Is w prime?
False
Suppose -537 = -3*x + 5*j, -2*x + 358 = 4*j - 3*j. Is x composite?
False
Is 1*(-2 - -3)*521 prime?
True
Suppose -5*f - 3324 + 1184 = 0. Let x = f + 647. Is x a composite number?
True
Suppose -2499 = 5*g - 744. Let w = 518 + g. Is w prime?
True
Suppose -5*c + 934 + 141 = 0. Let t = -88 - -261. Suppose 4*u - t - c = 0. Is u a composite number?
False
Let p = 1340 + 3521. Is p composite?
False
Suppose -5*s + 7 = -4*r, 2*r + s + 1 = 4*r. Suppose -3*x + 39 = -r*x. Let u = 76 - x. Is u a prime number?
True
Suppose o = 5*h + 15, 2*o - h - 7 = o. Suppose 5*c = o + 10. Suppose -c*p + 148 = 34. Is p a composite number?
True
Suppose 2032 = 6*o - 2*o - 4*n, 518 = o - 3*n. Is o prime?
True
Let n = -6 - 3. Let p(b) = 9 - 2 + b + 9. Is p(n) a composite number?
False
Let m = 87 - -316. Is m composite?
True
Suppose -4*p + 193 = -59. Let a = p + -2. Suppose 3*s - a = -2*i - 2*i, i + 75 = 4*s. Is s a composite number?
False
Suppose 0 = -5*y - 5*s - 570 + 55, -y = 3*s + 107. Let x = -46 - y. Is x composite?
True
Let c = 290 + -144. Is c a composite number?
True
Suppose -5*t + 3*t = 4. Is t/(4/(-50)) + 1 prime?
False
Suppose -2*s - 8 = -s. Let f be (-74)/s - (-2)/(-8). Suppose 3*o = -0*o + f. Is o a prime number?
True
Suppose 6*t - 90 = -0*t. Is t prime?
False
Let i = -10 + 7. Let l be (1*-4 + 3)*i. Is l*(0 + (-46)/(-3)) a prime number?
False
Is ((-4)/6)/(12/(-63198)) a composite number?
False
Let g = -2 + 6. Is (0 + (-201)/(-12))*g prime?
True
Suppose 12 = 4*m - f - 0*f, 9 = 3*m - 5*f. Let r(b) = 2 - m + 2*b**2 + 3*b + 2 - 2*b**3. Is r(-2) a prime number?
True
Suppose 2*z = z - 2, -34 = -2*l - 5*z. Suppose 2*c + 2*c + 124 = 0. Let w = l - c. Is w a composite number?
False
Suppose 571 = 5*q + 2*l, 6*q - l = q + 577. Is q a composite number?
True
Suppose -3950 = -8*h - 2*h. Is h prime?
False
Suppose -10 = -8*o + 3*o. Suppose 5*a - 111 = -4*t, o*a + t - 2*t - 34 = 0. Let z = a - 4. Is z a composite number?
True
Is (-3147)/(-5) + (-38)/95 composite?
True
Suppose 0 = 5*l - 3*l - 508. Is l + 4/((-4)/3) prime?
True
Suppose 0 = 5*y - 3*y - 234. Is 6/8*(-1 + y) a prime number?
False
Let l(g) = g**3 - 2*g**2 - 6*g + 1. Let o be l(5). Let d = 43 + o. Is d a prime number?
True
Let v(z) = z**3 - 2*z**2 + 4*z - 3. Let s be v(2). Suppose s*a - 2*a = 777. Is a a prime number?
False
Suppose 3*s + 5*x - x = 48, 3*x = -3*s + 45. Suppose 0 = -4*h + s, 70 = -y + h + 206. Is y a composite number?
False
Let q be 324/1*10/(-4). Let b = -391 - q. Is b a prime number?
True
Is (-2)/(-5) + -1 + 5739/15 a prime number?
False
Suppose -2*d = -10244 + 1150. Is d prime?
True
Suppose 5 + 7 = 3*x. Suppose -2*g + x*u + 1 = -3*g, -g = -4*u - 15. Is g a composite number?
False
Let f be 4/3*1884/8. Suppose 3 = -3*y - 4*v + f, 2*y = 2*v + 184. Is y composite?
False
Let v = -150 + 215. Let w = v + -34. Is w prime?
True
Let f(d) = -d**3 + 4*d**2 - 6*d + 1. Let l be f(4). Let u = l - -13. Is 4/u + (-396)/(-15) a composite number?
True
Let j(l) = -27*l - 8. Let k be j(-4). Let t = 435 - k. Is t composite?
True
Let v = -593 - -1960. Is v a prime number?
True
Let j(p) = p**3 - 3*p**2 + 4*p + 2. Let h be j(-3). Let a = h - -99. Is a a composite number?
True
Is 1/2 - (-675)/6 a prime number?
True
Let o(z) = -9*z + 1. Is o(-5) composite?
True
Let t be (3*-16)/(12/8). Suppose -4*j + 6 = -j. Is t/(-40)*35/j prime?
False
Suppose -4*k = -2*v - 2*v - 4468, -5*k + 3*v + 5585 = 0. Is k a prime number?
True
Let h be 12/(-10)*35/(-14). Suppose h*j = -0*j + 489. Is j prime?
True
Is 2/9 - (-17073)/81 a composite number?
False
Suppose -2*m + 12 = 2*m. Suppose 0 = -m*c + 29 + 73. Is c a prime number?
False
Let f(y) = 110*y**2 + 3*y - 2. Is f(1) a composite number?
True
Let s(r) = -r + 0*r - r. Let o be s(-1). Suppose 0 = -4*w - 3*m + 291, -w - o*m = -m - 74. Is w a prime number?
False
Let i(r) = 2*r**3 - 3*r - 4*r**3 - 7*r**2 - 5 - 4*r. Is i(-6) composite?
True
Let l be 4/(-10) + (-48)/(-20). Let c be l*(1 + (-465)/6). Let f = c - -244. Is f prime?
False
Let k = 12 + -10. Suppose -p = -5*j + 13 + 4, j = k*p - 2. Is p prime?
True
Let r be 20/(-3) - (-8)/12. Let h be r/(-4)